) to base 12
-3
9c (base 16) to base 10
156
Convert -42 (base 6) to base 5.
-101
Convert -3 (base 8) to base 4.
-3
What is -1 (base 4) in base 16?
-1
d (base 16) to base 6
21
-4 (base 8) to base 5
-4
What is 0 (base 15) in base 6?
0
-10 (base 3) to base 12
-3
Convert 3 (base 16) to base 6.
3
9 (base 10) to base 3
100
Convert -13 (base 7) to base 10.
-10
What is 3 (base 16) in base 11?
3
-5 (base 10) to base 12
-5
What is 1 (base 5) in base 8?
1
What is 2 (base 4) in base 2?
10
-334 (base 5) to base 4
-1132
Convert 67 (base 9) to base 7.
115
Convert 0 (base 13) to base 14.
0
What is 29 (base 16) in base 5?
131
What is -1a (base 11) in base 16?
-15
-1 (base 14) to base 16
-1
Convert -101 (base 2) to base 9.
-5
217 (base 12) to base 14
17d
Convert -1 (base 15) to base 4.
-1
Convert -30 (base 7) to base 13.
-18
22 (base 3) to base 6
12
What is -4 (base 15) in base 9?
-4
Convert 2 (base 16) to base 4.
2
-1 (base 14) to base 15
-1
0 (base 13) to base 10
0
What is 1 (base 8) in base 13?
1
39 (base 11) to base 6
110
Convert 37 (base 9) to base 6.
54
-1 (base 8) to base 5
-1
12 (base 5) to base 3
21
Convert -11 (base 2) to base 11.
-3
-24 (base 8) to base 4
-110
Convert -78 (base 13) to base 4.
-1203
What is 2 (base 6) in base 9?
2
Convert -1010 (base 6) to base 12.
-166
Convert 11 (base 5) to base 6.
10
What is 104 (base 5) in base 11?
27
Convert 1 (base 16) to base 4.
1
What is -8 (base 14) in base 5?
-13
2a (base 14) to base 5
123
What is 3 (base 6) in base 11?
3
100 (base 2) to base 11
4
What is 1010 (base 2) in base 14?
a
-130 (base 5) to base 4
-220
Convert -39 (base 10) to base 6.
-103
-75 (base 12) to base 4
-1121
1 (base 7) to base 13
1
Convert -14 (base 5) to base 4.
-21
Convert 33 (base 9) to base 7.
42
10011011 (base 2) to base 16
9b
-11220 (base 3) to base 16
-84
111 (base 4) to base 6
33
Convert 13 (base 7) to base 15.
a
What is 2 (base 10) in base 8?
2
Convert 413 (base 8) to base 14.
151
What is 3 (base 15) in base 14?
3
Convert -8 (base 11) to base 16.
-8
What is 77 (base 14) in base 10?
105
What is -2010 (base 4) in base 11?
-110
Convert 1 (base 15) to base 8.
1
Convert 20 (base 4) to base 7.
11
What is 2 (base 4) in base 8?
2
Convert 331 (base 4) to base 6.
141
Convert -2 (base 11) to base 13.
-2
-5 (base 15) to base 16
-5
-4 (base 14) to base 2
-100
Convert 100 (base 2) to base 16.
4
Convert 2 (base 10) to base 9.
2
6 (base 14) to base 2
110
Convert -2 (base 8) to base 5.
-2
What is 0 (base 12) in base 9?
0
102 (base 6) to base 7
53
-17 (base 8) to base 15
-10
What is -aa (base 11) in base 10?
-120
-1341 (base 5) to base 2
-11011101
Convert 8 (base 10) to base 6.
12
-3 (base 5) to base 15
-3
What is -131 (base 5) in base 4?
-221
Convert 11 (base 3) to base 14.
4
Convert 0 (base 3) to base 8.
0
3 (base 15) to base 12
3
What is -5 (base 8) in base 15?
-5
Convert -1001 (base 2) to base 4.
-21
Convert 0 (base 6) to base 3.
0
-112 (base 3) to base 11
-13
What is 7 (base 10) in base 12?
7
What is 8 (base 14) in base 6?
12
-19 (base 13) to base 7
-31
Convert -8 (base 12) to base 11.
-8
59 (base 12) to base 8
105
2a (base 14) to base 6
102
What is -12 (base 7) in base 11?
-9
47 (base 8) to base 2
100111
103 (base 8) to base 6
151
2 (base 16) to base 13
2
What is -4 (base 13) in base 12?
-4
What is -185 (base 10) in base 9?
-225
What is -4c (base 15) in base 4?
-1020
Convert 20 (base 13) to base 3.
222
What is -10 (base 2) in base 10?
-2
Convert 1 (base 5) to base 16.
1
What is -13 (base 10) in base 2?
-1101
What is 2 (base 10) in base 2?
10
1 (base 4) to base 10
1
-21 (base 13) to base 7
-36
-1202 (base 3) to base 10
-47
Convert -2 (base 15) to base 2.
-10
Convert 10 (base 4) to base 3.
11
Convert 5 (base 9) to base 7.
5
What is -2 (base 4) in base 9?
-2
Convert 1 (base 15) to base 10.
1
What is -2 (base 8) in base 3?
-2
Convert 0 (base 8) to base 6.
0
What is 3 (base 9) in base 11?
3
-116 (base 10) to base 2
-1110100
What is 1010 (base 3) in base 14?
22
100 (base 2) to base 11
4
Convert -5 (base 15) to base 2.
-101
What is 113 (base 4) in base 12?
1b
Convert 10000101 (base 2) to base 9.
157
What is -1010010 (base 2) in base 7?
-145
Convert -10100 (base 2) to base 15.
-15
Convert 34 (base 7) to base 4.
121
112 (base 9) to base 16
5c
Convert -112 (base 3) to base 14.
-10
What is -3 (base 7) in base 16?
-3
-28 (base 11) to base 14
-22
What is -33 (base 10) in base 16?
-21
Convert 25 (base 14) to base 4.
201
1 (base 11) to base 15
1
a (base 16) to base 8
12
What is -510 (base 6) in base 10?
-186
Convert -100012 (base 3) to base 16.
-f8
What is -1 (base 8) in base 7?
-1
What is 1023 (base 5) in base 6?
350
Convert -2 (base 9) to base 3.
-2
c (base 16) to base 3
110
4 (base 10) to base 13
4
Convert 0 (base 8) to base 15.
0
-32 (base 8) to base 16
-1a
Convert -211 (base 3) to base 9.
-24
What is 24 (base 9) in base 4?
112
Convert -2030 (base 4) to base 2.
-10001100
What is -20 (base 3) in base 7?
-6
Convert 0 (base 15) to base 7.
0
Convert 2b (base 12) to base 14.
27
What is -65 (base 12) in base 4?
-1031
What is 4 (base 5) in base 7?
4
Convert -dc (base 16) to base 8.
-334
-30 (base 14) to base 13
-33
5 (base 9) to base 11
5
Convert -8 (base 16) to base 14.
-8
-20 (base 3) to base 5
-11
What is 4 (base 10) in base 11?
4
Convert -8 (base 13) to base 11.
-8
What is -22 (base 14) in base 9?
-33
What is 10 (base 14) in base 3?
112
What is -10a (base 12) in base 16?
-9a
-4 (base 7) to base 4
-10
Convert -36 (base 15) to base 8.
-63
a (base 14) to base 3
101
Convert 7 (base 9) to base 16.
7
Convert -13 (base 9) to base 16.
-c
-1 (base 3) to base 10
-1
-3 (base 8) to base 2
-11
What is -11 (base 15) in base 2?
-10000
22 (base 3) to base 15
8
What is 44 (base 11) in base 3?
1210
-23 (base 8) to base 14
-15
c2 (base 15) to base 9
222
Convert 23 (base 7) to base 8.
21
2 (base 13) to base 9
2
Convert -2122 (base 4) to base 8.
-232
Convert 0 (base 15) to base 4.
0
-2 (base 8) to base 7
-2
What is -540 (base 8) in base 2?
-101100000
Convert -2 (base 7) to base 10.
-2
-216 (base 13) to base 4
-11211
364 (base 7) to base 12
141
Convert -12 (base 14) to base 7.
-22
What is -97 (base 15) in base 5?
-1032
-1a (base 14) to base 8
-30
What is 101100 (base 2) in base 4?
230
-17 (base 13) to base 7
-26
What is 4 (base 13) in base 10?
4
What is 1 (base 14) in base 13?
1
202 (base 4) to base 7
46
-2 (base 12) to base 9
-2
Convert -41 (base 11) to base 3.
-1200
Convert 0 (base 7) to base 16.
0
What is 2a (base 16) in base 11?
39
Convert -3 (base 13) to base 14.
-3
Convert -12 (base 8) to base 14.
-a
What is -9 (base 13) in base 9?
-10
Convert 5a (base 11) to base 9.
72
-22 (base 3) to base 11
-8
Convert 3 (base 9) to base 3.
10
What is -1 (base 10) in base 14?
-1
What is -100 (base 3) in base 9?
-10
-4 (base 11) to base 15
-4
Convert -10 (base 5) to base 12.
-5
Convert -12 (base 6) to base 12.
-8
Convert 3 (base 13) to base 3.
10
6 (base 12) to base 3
20
What is 0 (base 10) in base 2?
0
Convert 1a (base 12) to base 10.
22
Convert -113 (base 5) to base 16.
-21
Convert 15 (base 7) to base 8.
14
-24 (base 7) to base 13
-15
1 (base 8) to base 2
1
What is -4a (base 12) in base 16?
-3a
-183 (base 11) to base 2
-11010100
4 (base 5) to base 9
4
-220 (base 5) to base 13
-48
4 (base 14) to base 11
4
What is 5 (base 7) in base 12?
5
What is -201 (base 3) in base 15?
-14
-4 (base 5) to base 15
-4
Convert 20 (base 5) to base 10.
10
What is -1 (base 7) in base 2?
-1
1a (base 13) to base 7
32
Convert 5 (base 11) to base 6.
5
0 (base 10) to base 8
0
Convert -2 (base 6) to base 7.
-2
Convert 403 (base 5) to base 3.
10211
235 (base 6) to base 3
10112
What is 0 (base 2) in base 9?
0
Convert -1 (base 5) to base 14.
-1
What is -101110 (base 2) in base 12?
-3a
What is 4 (base 11) in base 2?
100
Convert 52 (base 9) to base 12.
3b
What is 0 (base 4) in base 6?
0
What is 2 (base 9) in base 14?
2
What is -12 (base 9) in base 4?
-23
271 (base 8) to base 2
10111001
-110 (base 11) to base 10
-132
What is -1131 (base 4) in base 10?
-93
Convert -58 (base 10) to base 13.
-46
Convert -13 (base 10) to base 7.
-16
Convert 9 (base 11) to base 5.
14
What is 2300 (base 4) in base 16?
b0
What is -1 (base 2) in base 5?
-1
3 (base 6) to base 11
3
What is 5 (base 12) in base 3?
12
Convert 10001 (base 2) to